{"id":136,"date":"2008-01-27T15:53:02","date_gmt":"2008-01-27T20:53:02","guid":{"rendered":"http:\/\/istvanhorvath.com\/huma\/a-blogrol\/"},"modified":"2016-03-10T23:48:39","modified_gmt":"2016-03-11T04:48:39","slug":"a-blogrol","status":"publish","type":"page","link":"https:\/\/istvanhorvath.com\/huma\/a-blogrol\/","title":{"rendered":"A blogr\u00f3l"},"content":{"rendered":"<p>Amikor nem Moshu vagyok a h\u00e1l\u00f3n, akkor a hat\u00f3s\u00e1gok Horv\u00e1th Sz. Istv\u00e1n n\u00e9ven emlegetnek.<\/p>\n<p><img decoding=\"async\" src=\"http:\/\/1.gravatar.com\/avatar\/1aa0cef27f7e69a55b9dccf564084966?s=96&#038;r=g\" alt=\"HSzI\" class=\"alignleft\" \/>1951-ben sz\u00fclettem Kolozsv\u00e1ron, ott j\u00e1rtam iskol\u00e1kba (ment\u0151\u00e1llom\u00e1s melletti \u00e1ltal\u00e1nos, azt\u00e1n 11-es &#8212; ma B\u00e1thory &#8212; l\u00edceum, v\u00e9g\u00fcl Babe\u015f-Bolyai; fil\u00f3). K\u00e9s\u0151bb m\u00e9g megfordultam olyan helyeken mint CEU \u00e9s Trinity Western University.<\/p>\n<p>Miut\u00e1n 1975-ben elv\u00e9geztem az orosz-magyar szakot, voltam tan\u00e1r, m\u0171szaki ford\u00edt\u00f3, reg\u00e9nyford\u00edt\u00f3, kefek\u00f6t\u0151, \u00fajs\u00e1g\u00edr\u00f3, szerkeszt\u0151, vig\u00e9c, menedzser, szeretetszolga, biztos\u00edt\u00e1si \u00fcgyn\u00f6k, misszion\u00e1rus-inas, \u00e9jjeli\u0151r, tolm\u00e1cs, motorosfut\u00e1r, p\u00e9nz\u00fcgyi tan\u00e1csnok, webmester&#8230; WordPress-guru.<\/p>\n<p>Laktam Kolozsv\u00e1ron (tizenvalah\u00e1ny k\u00fcl\u00f6nb\u00f6z\u0151 c\u00edmen), D\u00e9sen, Budapesten, Hamiltonban, Toronto egyik el\u0151v\u00e1ros\u00e1ban (Ontario, Kanada), azt\u00e1n Vancouverben (British Columbia), ism\u00e9t Hamiltonban, majd Winnipegben. Winnipegen. Kinek mi tetszik. Manitoba.<\/p>\n<p>Dolgoztam D\u00e9sen, Kolozsv\u00e1ron, Budapesten, Bijeljin\u00e1ban (Bosznia), Mahacskal\u00e1ban \u00e9s Haszavjurtban (Dageszt\u00e1n), Groznijban (Csecsenf\u00f6ld), \u00e9s az \u00f6sszes fentebb sorolt kanadai helysz\u00edneken.<\/p>\n<p>\u00c9s k\u00f6zben eltelt az id\u0151.<\/p>\n<p>Ha nem lenn\u00e9k lusta, akkor az egyik legkor\u00e1bbi bloggol\u00f3 lehettem volna: \u00e9n m\u00e1r 2002 t\u00e1j\u00e1n kezdtem, amikor j\u00f3form\u00e1n senki nem is hallott blogr\u00f3l. De mint ez a blog is tan\u00fas\u00edtja, van \u00fagy, hogy \u00e9vekig nem \u00edrok. Legal\u00e1bb is ebbe a magyar blogba, pl. 2005\/6-ban semmit.<\/p>\n<p>Vannak angol blogjaim is. N\u00e9ha azokba is \u00edrok. N\u00e9ha nem.<\/p>\n<p>Nem vagyok napl\u00f3\u00edr\u00f3 fajta: ink\u00e1bb csak az itt tapasztalt furcsas\u00e1gokat kezdtem meg\u00edrni az otthon maradottak sz\u00e1m\u00e1ra, de azt\u00e1n mindig ott motoszk\u00e1lt a kis\u00f6rd\u00f6g &#8212; kit \u00e9rdekelnek az ilyesmik? Ilyenkor abbahagytam\/hagyom.<\/p>\n<p>Azt\u00e1n olykor \u00fajrakezdem.<\/p>\n<h3>2015: hozz\u00e1told\u00e1s<\/h3>\n<p>&nbsp;E blognak volt sz\u00e1mos &#8222;sz\u00ednev\u00e1ltoz\u00e1sa&#8221; is. Mint minden tartalomkezel\u0151 rendszer eset\u00e9ben, az itt haszn\u00e1lt <a href=\"https:\/\/hu.wordpress.org\/\" target=\"_blank\">WordPress<\/a> <a href=\"http:\/\/wphu.org\/\" target=\"_blank\">szoftverben<\/a> is a tartalom \u00e9s a megjelen\u00edt\u00e9s egym\u00e1st\u00f3l f\u00fcggetlen &#8211; enn\u00e9lfogva ugyanazt a blog-tartalmat mindenf\u00e9le v\u00e1ltozatos d\u00edz\u00e1jnruh\u00e1ba lehet \u00f6lt\u00f6ztetni. Ez t\u00f6rt\u00e9nt 2015 tavasz\u00e1n is. \u00c1m a grafikai l\u00e1tk\u00e9pen t\u00fal ez alkalommal megv\u00e1ltozott a blog c\u00edme \u00e9s el\u00e9rhet\u0151s\u00e9ge is (URL, webc\u00edm vagy amit akartok). Lassan minden fontos &#8211; szem\u00e9lyes &#8211; weboldalt a nevemb\u0151l k\u00e9pzett dom\u00e9n (istvanhorvath.com) al\u00e1 rendezek. Egy kalap al\u00e1 angolt is, magyart is&#8230;<\/p>\n","protected":false},"excerpt":{"rendered":"<p>Amikor nem Moshu vagyok a h\u00e1l\u00f3n, akkor a hat\u00f3s\u00e1gok Horv\u00e1th Sz. Istv\u00e1n n\u00e9ven emlegetnek. 1951-ben sz\u00fclettem Kolozsv\u00e1ron, ott j\u00e1rtam iskol\u00e1kba (ment\u0151\u00e1llom\u00e1s melletti \u00e1ltal\u00e1nos, azt\u00e1n 11-es &#8212; ma B\u00e1thory &#8212; l\u00edceum, v\u00e9g\u00fcl Babe\u015f-Bolyai; fil\u00f3). K\u00e9s\u0151bb m\u00e9g megfordultam olyan helyeken mint CEU \u00e9s Trinity Western University. Miut\u00e1n 1975-ben elv\u00e9geztem az orosz-magyar szakot, voltam tan\u00e1r, m\u0171szaki ford\u00edt\u00f3, reg\u00e9nyford\u00edt\u00f3,&hellip; <a class=\"read-more\" href=\"https:\/\/istvanhorvath.com\/huma\/a-blogrol\/\">Read More<\/a><\/p>\n","protected":false},"author":1,"featured_media":554,"parent":0,"menu_order":0,"comment_status":"open","ping_status":"open","template":"","meta":{"jetpack_post_was_ever_published":false,"footnotes":""},"class_list":["post-136","page","type-page","status-publish","has-post-thumbnail","hentry"],"yoast_head":"<!-- This site is optimized with the Yoast SEO plugin v26.8 - https:\/\/yoast.com\/product\/yoast-seo-wordpress\/ -->\n<title>A blogr\u00f3l - Id\u0151utaz\u00e1sok a t\u00e9rben<\/title>\n<meta name=\"robots\" content=\"index, follow, max-snippet:-1, max-image-preview:large, max-video-preview:-1\" \/>\n<link rel=\"canonical\" href=\"https:\/\/istvanhorvath.com\/huma\/a-blogrol\/\" \/>\n<meta property=\"og:locale\" content=\"hu_HU\" \/>\n<meta property=\"og:type\" content=\"article\" \/>\n<meta property=\"og:title\" content=\"A blogr\u00f3l - Id\u0151utaz\u00e1sok a t\u00e9rben\" \/>\n<meta property=\"og:description\" content=\"Amikor nem Moshu vagyok a h\u00e1l\u00f3n, akkor a hat\u00f3s\u00e1gok Horv\u00e1th Sz. Istv\u00e1n n\u00e9ven emlegetnek. 1951-ben sz\u00fclettem Kolozsv\u00e1ron, ott j\u00e1rtam iskol\u00e1kba (ment\u0151\u00e1llom\u00e1s melletti \u00e1ltal\u00e1nos, azt\u00e1n 11-es &#8212; ma B\u00e1thory &#8212; l\u00edceum, v\u00e9g\u00fcl Babe\u015f-Bolyai; fil\u00f3). K\u00e9s\u0151bb m\u00e9g megfordultam olyan helyeken mint CEU \u00e9s Trinity Western University. Miut\u00e1n 1975-ben elv\u00e9geztem az orosz-magyar szakot, voltam tan\u00e1r, m\u0171szaki ford\u00edt\u00f3, reg\u00e9nyford\u00edt\u00f3,&hellip; Read More\" \/>\n<meta property=\"og:url\" content=\"https:\/\/istvanhorvath.com\/huma\/a-blogrol\/\" \/>\n<meta property=\"og:site_name\" content=\"Id\u0151utaz\u00e1sok a t\u00e9rben\" \/>\n<meta property=\"article:modified_time\" content=\"2016-03-11T04:48:39+00:00\" \/>\n<meta property=\"og:image\" content=\"https:\/\/istvanhorvath.com\/huma\/wp-content\/uploads\/2008\/01\/20150528_121645.jpg\" \/>\n\t<meta property=\"og:image:width\" content=\"2048\" \/>\n\t<meta property=\"og:image:height\" content=\"1152\" \/>\n\t<meta property=\"og:image:type\" content=\"image\/jpeg\" \/>\n<meta name=\"twitter:card\" content=\"summary_large_image\" \/>\n<meta name=\"twitter:label1\" content=\"Becs\u00fclt olvas\u00e1si id\u0151\" \/>\n\t<meta name=\"twitter:data1\" content=\"2 perc\" \/>\n<script type=\"application\/ld+json\" class=\"yoast-schema-graph\">{\"@context\":\"https:\/\/schema.org\",\"@graph\":[{\"@type\":\"WebPage\",\"@id\":\"https:\/\/istvanhorvath.com\/huma\/a-blogrol\/\",\"url\":\"https:\/\/istvanhorvath.com\/huma\/a-blogrol\/\",\"name\":\"A blogr\u00f3l - Id\u0151utaz\u00e1sok a t\u00e9rben\",\"isPartOf\":{\"@id\":\"https:\/\/istvanhorvath.com\/huma\/#website\"},\"primaryImageOfPage\":{\"@id\":\"https:\/\/istvanhorvath.com\/huma\/a-blogrol\/#primaryimage\"},\"image\":{\"@id\":\"https:\/\/istvanhorvath.com\/huma\/a-blogrol\/#primaryimage\"},\"thumbnailUrl\":\"https:\/\/istvanhorvath.com\/huma\/wp-content\/uploads\/2008\/01\/20150528_121645.jpg\",\"datePublished\":\"2008-01-27T20:53:02+00:00\",\"dateModified\":\"2016-03-11T04:48:39+00:00\",\"breadcrumb\":{\"@id\":\"https:\/\/istvanhorvath.com\/huma\/a-blogrol\/#breadcrumb\"},\"inLanguage\":\"hu\",\"potentialAction\":[{\"@type\":\"ReadAction\",\"target\":[\"https:\/\/istvanhorvath.com\/huma\/a-blogrol\/\"]}]},{\"@type\":\"ImageObject\",\"inLanguage\":\"hu\",\"@id\":\"https:\/\/istvanhorvath.com\/huma\/a-blogrol\/#primaryimage\",\"url\":\"https:\/\/istvanhorvath.com\/huma\/wp-content\/uploads\/2008\/01\/20150528_121645.jpg\",\"contentUrl\":\"https:\/\/istvanhorvath.com\/huma\/wp-content\/uploads\/2008\/01\/20150528_121645.jpg\",\"width\":2048,\"height\":1152},{\"@type\":\"BreadcrumbList\",\"@id\":\"https:\/\/istvanhorvath.com\/huma\/a-blogrol\/#breadcrumb\",\"itemListElement\":[{\"@type\":\"ListItem\",\"position\":1,\"name\":\"Home\",\"item\":\"https:\/\/istvanhorvath.com\/huma\/\"},{\"@type\":\"ListItem\",\"position\":2,\"name\":\"A blogr\u00f3l\"}]},{\"@type\":\"WebSite\",\"@id\":\"https:\/\/istvanhorvath.com\/huma\/#website\",\"url\":\"https:\/\/istvanhorvath.com\/huma\/\",\"name\":\"Id\u0151utaz\u00e1sok a t\u00e9rben\",\"description\":\"Magyarul mes\u00e9lni a vil\u00e1gr\u00f3l\",\"potentialAction\":[{\"@type\":\"SearchAction\",\"target\":{\"@type\":\"EntryPoint\",\"urlTemplate\":\"https:\/\/istvanhorvath.com\/huma\/?s={search_term_string}\"},\"query-input\":{\"@type\":\"PropertyValueSpecification\",\"valueRequired\":true,\"valueName\":\"search_term_string\"}}],\"inLanguage\":\"hu\"}]}<\/script>\n<!-- \/ Yoast SEO plugin. -->","yoast_head_json":{"title":"A blogr\u00f3l - Id\u0151utaz\u00e1sok a t\u00e9rben","robots":{"index":"index","follow":"follow","max-snippet":"max-snippet:-1","max-image-preview":"max-image-preview:large","max-video-preview":"max-video-preview:-1"},"canonical":"https:\/\/istvanhorvath.com\/huma\/a-blogrol\/","og_locale":"hu_HU","og_type":"article","og_title":"A blogr\u00f3l - Id\u0151utaz\u00e1sok a t\u00e9rben","og_description":"Amikor nem Moshu vagyok a h\u00e1l\u00f3n, akkor a hat\u00f3s\u00e1gok Horv\u00e1th Sz. Istv\u00e1n n\u00e9ven emlegetnek. 1951-ben sz\u00fclettem Kolozsv\u00e1ron, ott j\u00e1rtam iskol\u00e1kba (ment\u0151\u00e1llom\u00e1s melletti \u00e1ltal\u00e1nos, azt\u00e1n 11-es &#8212; ma B\u00e1thory &#8212; l\u00edceum, v\u00e9g\u00fcl Babe\u015f-Bolyai; fil\u00f3). K\u00e9s\u0151bb m\u00e9g megfordultam olyan helyeken mint CEU \u00e9s Trinity Western University. Miut\u00e1n 1975-ben elv\u00e9geztem az orosz-magyar szakot, voltam tan\u00e1r, m\u0171szaki ford\u00edt\u00f3, reg\u00e9nyford\u00edt\u00f3,&hellip; Read More","og_url":"https:\/\/istvanhorvath.com\/huma\/a-blogrol\/","og_site_name":"Id\u0151utaz\u00e1sok a t\u00e9rben","article_modified_time":"2016-03-11T04:48:39+00:00","og_image":[{"width":2048,"height":1152,"url":"https:\/\/istvanhorvath.com\/huma\/wp-content\/uploads\/2008\/01\/20150528_121645.jpg","type":"image\/jpeg"}],"twitter_card":"summary_large_image","twitter_misc":{"Becs\u00fclt olvas\u00e1si id\u0151":"2 perc"},"schema":{"@context":"https:\/\/schema.org","@graph":[{"@type":"WebPage","@id":"https:\/\/istvanhorvath.com\/huma\/a-blogrol\/","url":"https:\/\/istvanhorvath.com\/huma\/a-blogrol\/","name":"A blogr\u00f3l - Id\u0151utaz\u00e1sok a t\u00e9rben","isPartOf":{"@id":"https:\/\/istvanhorvath.com\/huma\/#website"},"primaryImageOfPage":{"@id":"https:\/\/istvanhorvath.com\/huma\/a-blogrol\/#primaryimage"},"image":{"@id":"https:\/\/istvanhorvath.com\/huma\/a-blogrol\/#primaryimage"},"thumbnailUrl":"https:\/\/istvanhorvath.com\/huma\/wp-content\/uploads\/2008\/01\/20150528_121645.jpg","datePublished":"2008-01-27T20:53:02+00:00","dateModified":"2016-03-11T04:48:39+00:00","breadcrumb":{"@id":"https:\/\/istvanhorvath.com\/huma\/a-blogrol\/#breadcrumb"},"inLanguage":"hu","potentialAction":[{"@type":"ReadAction","target":["https:\/\/istvanhorvath.com\/huma\/a-blogrol\/"]}]},{"@type":"ImageObject","inLanguage":"hu","@id":"https:\/\/istvanhorvath.com\/huma\/a-blogrol\/#primaryimage","url":"https:\/\/istvanhorvath.com\/huma\/wp-content\/uploads\/2008\/01\/20150528_121645.jpg","contentUrl":"https:\/\/istvanhorvath.com\/huma\/wp-content\/uploads\/2008\/01\/20150528_121645.jpg","width":2048,"height":1152},{"@type":"BreadcrumbList","@id":"https:\/\/istvanhorvath.com\/huma\/a-blogrol\/#breadcrumb","itemListElement":[{"@type":"ListItem","position":1,"name":"Home","item":"https:\/\/istvanhorvath.com\/huma\/"},{"@type":"ListItem","position":2,"name":"A blogr\u00f3l"}]},{"@type":"WebSite","@id":"https:\/\/istvanhorvath.com\/huma\/#website","url":"https:\/\/istvanhorvath.com\/huma\/","name":"Id\u0151utaz\u00e1sok a t\u00e9rben","description":"Magyarul mes\u00e9lni a vil\u00e1gr\u00f3l","potentialAction":[{"@type":"SearchAction","target":{"@type":"EntryPoint","urlTemplate":"https:\/\/istvanhorvath.com\/huma\/?s={search_term_string}"},"query-input":{"@type":"PropertyValueSpecification","valueRequired":true,"valueName":"search_term_string"}}],"inLanguage":"hu"}]}},"jetpack_shortlink":"https:\/\/wp.me\/P72XfH-2c","jetpack_sharing_enabled":true,"_links":{"self":[{"href":"https:\/\/istvanhorvath.com\/huma\/wp-json\/wp\/v2\/pages\/136","targetHints":{"allow":["GET"]}}],"collection":[{"href":"https:\/\/istvanhorvath.com\/huma\/wp-json\/wp\/v2\/pages"}],"about":[{"href":"https:\/\/istvanhorvath.com\/huma\/wp-json\/wp\/v2\/types\/page"}],"author":[{"embeddable":true,"href":"https:\/\/istvanhorvath.com\/huma\/wp-json\/wp\/v2\/users\/1"}],"replies":[{"embeddable":true,"href":"https:\/\/istvanhorvath.com\/huma\/wp-json\/wp\/v2\/comments?post=136"}],"version-history":[{"count":0,"href":"https:\/\/istvanhorvath.com\/huma\/wp-json\/wp\/v2\/pages\/136\/revisions"}],"wp:featuredmedia":[{"embeddable":true,"href":"https:\/\/istvanhorvath.com\/huma\/wp-json\/wp\/v2\/media\/554"}],"wp:attachment":[{"href":"https:\/\/istvanhorvath.com\/huma\/wp-json\/wp\/v2\/media?parent=136"}],"curies":[{"name":"wp","href":"https:\/\/api.w.org\/{rel}","templated":true}]}}